{"id":168,"date":"2019-09-04T15:44:05","date_gmt":"2019-09-04T18:44:05","guid":{"rendered":"http:\/\/mediacioncordoba.com\/?page_id=168"},"modified":"2019-09-04T16:36:26","modified_gmt":"2019-09-04T19:36:26","slug":"preguntas-frecuentes","status":"publish","type":"page","link":"https:\/\/mediacioncordoba.com\/index.php\/preguntas-frecuentes\/","title":{"rendered":"PREGUNTAS FRECUENTES"},"content":{"rendered":"\n<h4><a href=\"http:\/\/mediacioncordoba.com\/index.php\/preguntas-frecuentes-2\/\">&#8211; Preguntas frecuentes sobre el proceso de mediaci\u00f3n<\/a><\/h4>\n\n\n\n<h4><a href=\"http:\/\/mediacioncordoba.com\/index.php\/inicia-tu-mediacion\/\">&#8211; \u00bfC\u00f3mo inicio mi tr\u00e1mite?<\/a><\/h4>\n\n\n\n<h4><a href=\"http:\/\/mediacioncordoba.com\/index.php\/tutorial-emision-comprobante-de-pago\/\"> &#8211; \u00bfC\u00f3mo emitir el comprobante de pago de aportes a Caja y Colegio de Abogados de C\u00f3rdoba para casos de Mediaci\u00f3n Prejudicial Obligatoria?  <\/a><\/h4>\n\n\n\n<h4><a href=\"http:\/\/mediacioncordoba.com\/index.php\/tutorial-tasa-retributiva\/\">&#8211; \u00bfC\u00f3mo abonar la Tasa Retributiva de Servicios por la protocolizaci\u00f3n de un Acta de Cierre de Mediaci\u00f3n Prejudicial Obligatoria?<\/a> <\/h4>\n\n\n\n<h4><a href=\"http:\/\/mediacioncordoba.com\/index.php\/nomenclador-de-causas\/\">&#8211; Nomenclador de causas sujetas a mediaci\u00f3n<\/a><\/h4>\n\n\n\n<h4><a href=\"http:\/\/mediacioncordoba.com\/index.php\/ley-provincial-de-mediacion\/\">&#8211; Descarg\u00e1 ley provincial de mediaci\u00f3n N\u00b0 10.543<\/a><\/h4>\n\n\n\n<div class=\"wp-block-image\"><figure class=\"aligncenter\"><img loading=\"lazy\" width=\"419\" height=\"184\" src=\"http:\/\/mediacioncordoba.com\/wp-content\/uploads\/2019\/08\/membrete-1.jpg\" alt=\"\" class=\"wp-image-42\" srcset=\"https:\/\/mediacioncordoba.com\/wp-content\/uploads\/2019\/08\/membrete-1.jpg 419w, https:\/\/mediacioncordoba.com\/wp-content\/uploads\/2019\/08\/membrete-1-300x132.jpg 300w\" sizes=\"(max-width: 419px) 100vw, 419px\" \/><\/figure><\/div>\n","protected":false},"excerpt":{"rendered":"<p>&#8211; Preguntas frecuentes sobre el proceso de mediaci\u00f3n &#8211; \u00bfC\u00f3mo inicio mi tr\u00e1mite? &#8211; \u00bfC\u00f3mo emitir el comprobante de pago de aportes a Caja y Colegio de Abogados de C\u00f3rdoba &#8230;<\/p>\n","protected":false},"author":1,"featured_media":0,"parent":0,"menu_order":0,"comment_status":"closed","ping_status":"closed","template":"","meta":[],"_links":{"self":[{"href":"https:\/\/mediacioncordoba.com\/index.php\/wp-json\/wp\/v2\/pages\/168"}],"collection":[{"href":"https:\/\/mediacioncordoba.com\/index.php\/wp-json\/wp\/v2\/pages"}],"about":[{"href":"https:\/\/mediacioncordoba.com\/index.php\/wp-json\/wp\/v2\/types\/page"}],"author":[{"embeddable":true,"href":"https:\/\/mediacioncordoba.com\/index.php\/wp-json\/wp\/v2\/users\/1"}],"replies":[{"embeddable":true,"href":"https:\/\/mediacioncordoba.com\/index.php\/wp-json\/wp\/v2\/comments?post=168"}],"version-history":[{"count":9,"href":"https:\/\/mediacioncordoba.com\/index.php\/wp-json\/wp\/v2\/pages\/168\/revisions"}],"predecessor-version":[{"id":212,"href":"https:\/\/mediacioncordoba.com\/index.php\/wp-json\/wp\/v2\/pages\/168\/revisions\/212"}],"wp:attachment":[{"href":"https:\/\/mediacioncordoba.com\/index.php\/wp-json\/wp\/v2\/media?parent=168"}],"curies":[{"name":"wp","href":"https:\/\/api.w.org\/{rel}","templated":true}]}}